-82*i**2 - 5*i + 4*i**3 + 71*i**2 + 0*i - 2. Let u(b) = -r(b) - 5*z(b). What is u(-6)?
-3
Let t be -2 + 4 - 0 - 7. Let v be 2 + 2 + -7 - 12/2. Let w be v - (1 + t) - -2. Let g(l) = l + 1. Give g(w).
-2
Let s(q) = 4*q**3 - 7*q + 6*q**2 + 8*q - q**3 - 2*q**3 + 8. Give s(-6).
2
Let d(m) = -3*m + 2. Let o be d(0). Suppose -o*n - 21 + 39 = 0. Let s(f) = -f**3 + 9*f**2 + 5. Give s(n).
5
Let f(s) = -4*s - 7. Let t(l) = -4*l - 8. Let u(c) = -7*f(c) + 6*t(c). Let y = -10359 - -10357. Calculate u(y).
-7
Suppose 0 = -2*o - t + 13, 0 = -3*o + 6*o + 2*t - 22. Let r(u) = -2*u**2 + 5*u. Give r(o).
-12
Let f(g) = -g**2 - 7*g - 5. Let k(h) = -h**2 - 7*h - 5. Let n(a) = -7*f(a) + 6*k(a). Let v(t) = t + 10. Let i be v(-16). Determine n(i).
-1
Let v(s) = -6*s**2 + 2*s + 2. Let k(w) be the second derivative of w**3/2 + 10*w**2 + 10*w. Let r be k(-6). What is v(r)?
-18
Let l be ((-2)/8)/((-9)/(-108)). Let m(c) = 3. Let v(s) = -s + 2. Let w(f) = -2*m(f) + 3*v(f). What is w(l)?
9
Let r(l) = 2*l**2 + 11*l + 2. Let b = -556 + 551. Determine r(b).
-3
Let t(j) be the second derivative of j**5/20 - j**4/4 - j**3/3 - j**2/2 - j. Suppose -5*x + 30 = 5*b - x, -5*b - 5*x + 35 = 0. Calculate t(b).
-9
Let y(n) = -2*n**3 + 4*n**2 - 3*n. Suppose -4*h = -5*h - 12. Let c be (-40)/(-16)*h/(-10). Suppose 4*j - f - 7 = 0, 5*j - c*j - f = 3. Give y(j).
-6
Let y be (2 - 11/4)/((-2)/8). Let h(r) be the first derivative of -1/4*r**4 - 2*r**2 - 5*r - 2 + 2*r**y. Determine h(5).
0
Suppose -v - 13 = -6*v + r, 2*v = r + 7. Let o(u) = 2*u**3 - 3*u**2 + u + 2. Let m be o(v). Let k(h) = h**3 - 4*h**2 + m*h**2 + 0 - 5*h**2 - 12. Give k(0).
-12
Let s = 98 + -105. Let q(z) = 6 + 0*z**3 - 7*z - 2*z**3 + z**3 - 8*z**2. What is q(s)?
6
Let f be 1/5 - 90/(-50). Let n(h) = h + 1. Let x(l) = 3*l - 2. Let o(g) = n(g) - x(g). Calculate o(f).
-1
Let b(q) be the second derivative of 5/6*q**4 + 0*q**3 + 0 - 1/40*q**5 - 10*q + 0*q**2 - 1/240*q**6. Let k(s) be the third derivative of b(s). What is k(-2)?
3
Let b(v) be the first derivative of v**4/24 + v**3/6 - 3*v**2 + 4. Let z(j) be the second derivative of b(j). Let y be z(5). Let q(g) = 2*g - 7. Calculate q(y).
5
Let x(i) = -9*i**2 - 4*i - 48. Let p(q) = -2*q**2 - 10. Let o(h) = -5*p(h) + x(h). Suppose 0*t - 14 = 2*t + 5*z, -20 = 5*z. Give o(t).
-1
Let a(l) = -l**2 + 4*l + 5. Let r = 24 - 21. Let y be (-1)/(r/(-12)) + (-2 - -3). Calculate a(y).
0
Suppose 0*x - 16 = -4*x. Let h(c) = 16*c**2 + 0 + 7*c - 30*c**2 + 15*c**2 - x. Determine h(-7).
-4
Let r(z) = z - 18. Let v(j) = -7*j + 116. Let i(y) = 13*r(y) + 2*v(y). Calculate i(-3).
1
Let g(w) be the first derivative of w**3/3 + 5*w**2/2 - w + 2. Let f(q) be the first derivative of g(q). Let c(a) = -7*a + 8. Let t be c(2). Determine f(t).
-7
Let d = -68 + 16. Let o be (d/8 - -5)*4. Let s(i) = i**3 + 5*i**2 - 6*i - 6. Determine s(o).
-6
Let i(a) be the first derivative of 4 - a**2 + 5*a - 3*a - 30. Calculate i(5).
-8
Let a = 42 - 30. Suppose 4*k + a = 2*d, 0 = -3*d + 2*k + 3 - 1. Let t be 10/2*(d + 3). Let z(x) = x + 2. Determine z(t).
7
Suppose i + 10*i = 77. Let b(w) be the first derivative of w**3/3 - 4*w**2 + 7*w - 2. What is b(i)?
0
Let z be (-35)/12 + (15 - 12). Let l(o) be the second derivative of -z*o**4 + 0 - 1/2*o**2 + 0*o**3 + 6*o. Determine l(0).
-1
Let n be 4/(-2 - (2 - 2)). Let x be 1 - ((-3)/(-3) + n). Let c(s) = 19*s**2 - 10*s**2 - 3*s + 0*s + x*s. What is c(1)?
8
Let g(s) = -979*s**2 + 970*s**2 - 2*s - 9 - s**3 + 0*s. Give g(-9).
9
Let c(n) = -6*n. Let x(y) = -y. Let f(z) = -2*c(z) + 11*x(z). Suppose 4*h = 3*h. Give f(h).
0
Let x(u) = 4*u + 11. Let h(j) = 2*j + 5. Let a(l) = -10*h(l) + 4*x(l). Let y(w) = 9*w + 13. Let m(q) = 7*a(q) + 3*y(q). Give m(-3).
0
Suppose 4*v - 49 = 95. Let b(u) = -v*u**2 + u**3 - 6 + 16*u**2 + 13*u**2 + 6*u**2. Determine b(0).
-6
Let o(v) be the second derivative of 5*v**3/3 + 51*v**2/2 + 2*v + 4. Let z be o(-6). Let u(r) = r**3 + 10*r**2 + 9*r + 4. Determine u(z).
4
Let u(k) = -k**2 + k - 3. Suppose 0 = 16*a - 0*a - 4*a. Calculate u(a).
-3
Let z(s) = 2 + s**2 + 10*s + 3*s - 4*s - 2*s. Give z(-7).
2
Let u(t) be the first derivative of -t**3 - 3*t**2 - 3*t - 536. Calculate u(-4).
-27
Let x(c) = c**2 - 6*c - 12. Let a be x(8). Let i(o) = 8*o - 5*o - 2*o + 0 - a. Determine i(6).
2
Let g(y) = y**3 + 2*y**2 - 4*y. Let d(l) = -l**2 + 3*l + 9. Let m be d(3). Suppose 4*p = -2*w - 14, -4*p = m - 1. What is g(w)?
3
Let p be 1/(-2)*-2*1. Let k(m) be the first derivative of m**2 - 115. Calculate k(p).
2
Let z(i) = -4*i - 2. Let t be (-20)/(-2)*((-64)/(-10))/8. Suppose 2*y - t = -0*y. Give z(y).
-18
Let z(b) = 9*b**3 + 3*b**2 - 3*b + 6. Let w(g) = 7*g**3 + 4*g**2 - 4*g + 5. Let d(m) = -5*w(m) + 4*z(m). Calculate d(7).
6
Suppose -14 = z - 3*z. Suppose s = -z*s + 24. Let v(p) = p**2 - 8*p + 4. Let b(t) = t**2 - 7*t + 4. Let x(d) = 5*b(d) - 4*v(d). Determine x(s).
4
Let k(u) = 3*u**3 - 16*u**2 + 21*u + 29. Let b(a) = 2*a**3 - 11*a**2 + 14*a + 19. Let w = 40 - 35. Let d(t) = w*k(t) - 8*b(t). Give d(7).
-7
Let z(x) = 3*x**2 - 4*x - 3. Let a(m) = -m**2 + 1. Let n(k) = -4*a(k) - z(k). Let q be n(-3). Let b(i) = -i**3 - 4*i**2 - 11*i + 4*i + 5*i. What is b(q)?
8
Let m(a) = -a**2 + 12*a + 13. Let z be m(9). Suppose 5*k - z = -5. Let j(y) = -4 + 4 - 1 + k*y. Calculate j(-1).
-8
Let f(o) = -59*o - 3*o**2 - 19*o**3 + 62*o + 18*o**3 + 10 + 2*o**2 - 6*o**2. Let b = 8 + -15. Give f(b).
-11
Suppose 0*d = 7*d - 14. Let x(i) be the first derivative of d + 1/2*i**2 - i. What is x(0)?
-1
Suppose -5*j + 43 = -4*w, -5*w - 3*j = -9 + 35. Let q(y) = -2*y - 6. Let s(l) = -l - 3. Let a(p) = -6*q(p) + 11*s(p). Calculate a(w).
-4
Let c = 105 + -48. Let m = -51 + c. Let h(y) = -y**2 + 10*y - 3. Determine h(m).
21
Let t(m) = 5*m**2 + 12*m + 14. Let n(q) = 2*q**2 + 4*q + 5. Let v = -20 + 31. Let a(f) = v*n(f) - 4*t(f). Suppose 3*s + 3 = 4*s. Determine a(s).
5
Let s(i) = i**3 - 13. Suppose 30*x = 12*x. What is s(x)?
-13
Let r be (-16)/10 - 1562/355. Let o(f) = 2*f**2 + 12*f - 4. Calculate o(r).
-4
Suppose 3*j = -3*h - 6, -h + 3*h + 5*j + 13 = 0. Let o be 1 + (3 - h) - 1. Suppose o*m = 6*m - 12. Let s(p) = -p**3 + p**2 + 2*p + 3. Determine s(m).
-9
Let i be 16 + -5 + (-1 - -5). Suppose q - i = -2. Suppose 3 - q = -5*f. Let p(w) = w**3 - 4*w**2 + 4*w - 3. Calculate p(f).
-3
Let m(r) = -r**3 + r**2 + 7*r - 1. Let j be m(3). Let p(y) = j*y - 2 + 5*y**2 - 4*y**2 + 2 - 2. Suppose -12 = 3*h, 0 = f + 4*h + 9 + 5. What is p(f)?
6
Suppose u - 10 + 5 = 0. Suppose 6*l = u*l - 4. Let r(b) be the second derivative of -b**4/12 - b**3 - b**2/2 + b. Give r(l).
7
Let i(z) = 1. Let l(a) = a**2 - 6*a + 1. Let v(n) = -4*i(n) - l(n). Let y = -536 - -543. What is v(y)?
-12
Suppose -3*v = -4*t - 12, 5*t = -2*v - 2 + 10. Suppose 0*u - 1 = 3*i + u, -2*i + 4*u - 24 = t. Let x(w) = w**2 + 5*w + 2. What is x(i)?
-4
Suppose 0*t - 3*t + 18 = 0. Let o = t + -5. Let x(a) = 6 - 9 + 4 - 3*a. What is x(o)?
-2
Let o(h) = 30 + h + 41 - 117 + 28. Calculate o(13).
-5
Let n(v) = -v**3 + 12*v**2 - 10*v - 11. Let p(s) = -2*s**3 + 16*s**2 + 25*s - 52. Let m be p(9). Give n(m).
0
Let b be 4 + 41 + -40 + (-58)/12. Let j(i) be the second derivative of 0 - i**2 + 1/20*i**5 - b*i**3 + 1/2*i**4 - i. Give j(-6).
4
Let z(v) = -103*v - 108*v + 209*v + 20. Let w be z(11). Let l(q) = 8*q - 2. Give l(w).
-18
Suppose w - 5 = -0. Let j(v) = 22*v + 15*v - 83*v + 22*v + 26*v + 6. Determine j(w).
16
Let l(y) = y**3 + 5*y**2 + 5*y + 22. Let u be l(-5). Let s(x) = x**3 + 5*x**2 - x - 3. What is s(u)?
18
Let g(m) = -5*m + 4*m - 1 + 0. Suppose 5*l + 180 + 45 = 0. Let n be (0 - 5)*(-6)/l*-3. Determine g(n).
-3
Let m(j) = -4*j**3 + j**2 - 2*j + 1. Suppose 0*v - 2 = -2*v. Let g be m(v). Let l(r) = r**3 + 5*r**2 + 7*r + 6. Give l(g).
-6
Let s(u) = u**3 - 10*u**2 + 18*u - 10. Suppose 3*q = -4*h + 44, 14*h = 11*h + 15. Determine s(q).
6
Let d(x) be the first derivative of 2*x**3/3 + x**2 - 1. Suppose 11*t = -1862 + 1840. Calculate d(t).
4
Let z(b) be the second derivative of -b**5/20 - 4*b**2 + 79*b. Give z(0).
-8
Let z(q) = -q**3 - 3*q**2 - q + 2. Suppose -13 = -13*s + 78. Let j(r) = r**3 + 4*r**2 + 2*r - 3. Let g(a) = s*z(a) + 6*j(a). Calculate g(3).
11
Let l(u) be the first derivative of -3/2*u**2 + u + 24. Determine l(-5).
16
Suppose 2*s = 7*s. Suppose -2 = o - s. Let m(l) =